{"id":48,"date":"2022-04-28T09:10:19","date_gmt":"2022-04-28T07:10:19","guid":{"rendered":"https:\/\/sommerbar.at\/?page_id=48"},"modified":"2023-06-28T22:57:55","modified_gmt":"2023-06-28T20:57:55","slug":"veranstaltungen","status":"publish","type":"page","link":"https:\/\/sommerbar.at\/","title":{"rendered":"Veranstaltungen"},"content":{"rendered":"\n<p>Es wird hei\u00df, Baby!<\/p>\n\n\n\n<p>Die Sommerbar ist zur\u00fcck aus der Winterpause. Ab Fr\u00fchsommer 23 beleben Kunst, Kultur und Kino die Kulturb\u00fchne Montafon und die Festwiese an der Litz.<\/p>\n\n\n\n<p>Wir wagen einen zuversichtlichen Blick in die Zukunft und erproben&nbsp;sinnvolle&nbsp;Strategien,&nbsp;angesichts des drohenden Klimawandels&nbsp;und den damit verbundenen Ver\u00e4nderungen.<\/p>\n\n\n\n<p>Alle\u00a0Veranstaltungen der Sommerbar\u00a0sind bewirtet,\u00a0<strong>der Eintritt ist frei!<\/strong> <\/p>\n\n\n\n<p>Bei schlechtem Wetter sind die Veranstaltungen in der Kulturb\u00fchne.<\/p>\n\n\n\n<p style=\"background-color:transparent;color:#808080;padding:20px;border-radius:5px\" class=\"wp-block-eventon-blocks-evo-eventon-main\"><!-- EventON Calendar --><div id='evcal_calendar_405' class='list_cal ajde_evcal_calendar sev cev color esty_2 ul ' ><div id='evcal_head' class='calendar_header ' ><div class='evo_cal_above'><span class='evo-gototoday-btn' style='display:none' data-mo='4' data-yr='2026' data-dy=''>Current Month<\/span><\/div><div class='evo_cal_above_content'><\/div><\/div><div id='eventon_loadbar_section'><div id='eventon_loadbar'><\/div><\/div><!-- Events List --><div id='evcal_list' \r\n\t\t\t\t\tclass='eventon_events_list sep_months evcal_list_month'><div class='eventon_list_event no_events'><p class='no_events' >keine Veranstaltung<\/p><\/div>\t\t\t<div class='clear'><\/div>\r\n\t\t\t<\/div>\r\n\t\t\t<div class='clear'><\/div>\r\n\t\t\t\t\t \t<div id='evcal_footer' class='evo_bottom' style='display:none'>\r\n\t\t \t\t<div class='evo_cal_data'  data-sc='{\"accord\":\"yes\",\"bottom_nav\":\"no\",\"cal_id\":\"\",\"cal_init_nonajax\":\"no\",\"calendar_type\":\"list\",\"ep_fields\":\"\",\"etc_override\":\"yes\",\"evc_open\":\"no\",\"event_count\":\"100\",\"event_location\":\"all\",\"event_order\":\"ASC\",\"event_organizer\":\"all\",\"event_parts\":\"no\",\"event_past_future\":\"future\",\"event_status\":\"all\",\"event_tag\":\"all\",\"event_type\":\"all\",\"event_type_2\":\"all\",\"event_type_3\":\"all\",\"event_type_4\":\"all\",\"event_type_5\":\"all\",\"event_virtual\":\"all\",\"eventtop_date_style\":0,\"eventtop_style\":\"2\",\"exp_jumper\":\"no\",\"exp_so\":\"yes\",\"filter_relationship\":\"AND\",\"filter_show_set_only\":\"no\",\"filter_type\":\"select\",\"filters\":\"yes\",\"fixed_month\":\"4\",\"fixed_year\":\"2026\",\"focus_end_date_range\":\"2035324799\",\"focus_start_date_range\":\"1775001600\",\"ft_event_priority\":\"no\",\"hide_arrows\":\"no\",\"hide_cancels\":\"no\",\"hide_empty_months\":\"yes\",\"hide_end_time\":\"no\",\"hide_et_dn\":\"no\",\"hide_et_extra\":\"no\",\"hide_et_tags\":\"no\",\"hide_et_tl\":\"no\",\"hide_ft\":\"no\",\"hide_ft_img\":\"no\",\"hide_month_headers\":\"no\",\"hide_mult_occur\":\"no\",\"hide_past\":\"no\",\"hide_past_by\":\"ee\",\"hide_so\":\"no\",\"ics\":\"no\",\"jumper\":\"no\",\"jumper_count\":5,\"jumper_offset\":\"0\",\"lang\":\"L1\",\"layout_changer\":\"no\",\"livenow_bar\":\"yes\",\"mapformat\":\"roadmap\",\"mapiconurl\":\"\",\"maps_load\":\"no\",\"mapscroll\":\"true\",\"mapzoom\":\"18\",\"members_only\":\"no\",\"ml_priority\":\"no\",\"month_incre\":0,\"number_of_months\":\"99\",\"only_ft\":\"no\",\"pec\":\"\",\"s\":\"\",\"search\":\"\",\"search_all\":\"no\",\"sep_month\":\"yes\",\"show_et_ft_img\":\"yes\",\"show_limit\":\"yes\",\"show_limit_ajax\":\"no\",\"show_limit_paged\":1,\"show_limit_redir\":\"\",\"show_repeats\":\"no\",\"show_upcoming\":0,\"show_year\":\"yes\",\"social_share\":\"no\",\"sort_by\":\"sort_date\",\"tile_bg\":0,\"tile_bg_size\":\"full\",\"tile_count\":2,\"tile_height\":0,\"tile_style\":0,\"tiles\":\"no\",\"ux_val\":\"4a\",\"view_switcher\":\"no\",\"wpml_l1\":\"\",\"wpml_l2\":\"\",\"wpml_l3\":\"\",\"yl_priority\":\"no\",\"fixed_day\":\"30\",\"_cver\":\"4.4\"}' data-od='{\"lang_no_events\":\"keine Veranstaltung\"}'><\/div>\r\n\t\t \t\t<div class='evo_cal_events' data-events=\"\"><\/div>\r\n\t\t \t<\/div>\r\n\t\t\t\t\r\n\t\t\t\r\n\t\t\t\t\t\t<\/div><!-- EventON End -->\r\n\t\t\t<\/p>\n\n\n\n<p>sommerbar23 ist eine Veranstaltungsreihe der MAP Galerie, Jam, Kulturverein illlitz und der Montafoner Museen .<\/p>\n\n\n\n<p>F\u00fcr alle Veranstaltungen gilt freier Eintritt.<\/p>\n\n\n\n<p><\/p>\n\n\n\n<p>(c) 2023<\/p>\n\n\n\n<p><\/p>\n\n\n\n<p><\/p>\n","protected":false},"excerpt":{"rendered":"<p>Es wird hei\u00df, Baby! Die Sommerbar ist zur\u00fcck aus der Winterpause. Ab Fr\u00fchsommer 23 beleben Kunst, Kultur und Kino die Kulturb\u00fchne Montafon und die Festwiese an der Litz. Wir wagen einen zuversichtlichen Blick in die Zukunft und erproben&nbsp;sinnvolle&nbsp;Strategien,&nbsp;angesichts des drohenden Klimawandels&nbsp;und den damit verbundenen Ver\u00e4nderungen. Alle\u00a0Veranstaltungen der Sommerbar\u00a0sind bewirtet,\u00a0der Eintritt ist frei! Bei schlechtem Wetter &hellip; <\/p>\n<p class=\"link-more\"><a href=\"https:\/\/sommerbar.at\/?ajde_events=liederkranz-frohsinn\" class=\"more-link\"><span class=\"screen-reader-text\">\u201eLiederkranz Frohsinn\u201c<\/span> weiterlesen<\/a><\/p>\n","protected":false},"author":1,"featured_media":246,"parent":0,"menu_order":0,"comment_status":"closed","ping_status":"closed","template":"","meta":[],"_links":{"self":[{"href":"https:\/\/sommerbar.at\/index.php?rest_route=\/wp\/v2\/pages\/48"}],"collection":[{"href":"https:\/\/sommerbar.at\/index.php?rest_route=\/wp\/v2\/pages"}],"about":[{"href":"https:\/\/sommerbar.at\/index.php?rest_route=\/wp\/v2\/types\/page"}],"author":[{"embeddable":true,"href":"https:\/\/sommerbar.at\/index.php?rest_route=\/wp\/v2\/users\/1"}],"replies":[{"embeddable":true,"href":"https:\/\/sommerbar.at\/index.php?rest_route=%2Fwp%2Fv2%2Fcomments&post=48"}],"version-history":[{"count":101,"href":"https:\/\/sommerbar.at\/index.php?rest_route=\/wp\/v2\/pages\/48\/revisions"}],"predecessor-version":[{"id":316,"href":"https:\/\/sommerbar.at\/index.php?rest_route=\/wp\/v2\/pages\/48\/revisions\/316"}],"wp:featuredmedia":[{"embeddable":true,"href":"https:\/\/sommerbar.at\/index.php?rest_route=\/wp\/v2\/media\/246"}],"wp:attachment":[{"href":"https:\/\/sommerbar.at\/index.php?rest_route=%2Fwp%2Fv2%2Fmedia&parent=48"}],"curies":[{"name":"wp","href":"https:\/\/api.w.org\/{rel}","templated":true}]}}

<p>Es wird heiß, Baby!</p>



<p>Die Sommerbar ist zurück aus der Winterpause. Ab Frühsommer 23 beleben Kunst, Kultur und Kino die Kulturbühne Montafon und die Festwiese an der Litz.</p>



<p>Wir wagen einen zuversichtlichen Blick in die Zukunft und erproben&nbsp;sinnvolle&nbsp;Strategien,&nbsp;angesichts des drohenden Klimawandels&nbsp;und den damit verbundenen Veränderungen.</p>



<p>Alle Veranstaltungen der Sommerbar sind bewirtet, <strong>der Eintritt ist frei!</strong> </p>



<p>Bei schlechtem Wetter sind die Veranstaltungen in der Kulturbühne.</p>



<p style="background-color:transparent;color:#808080;padding:20px;border-radius:5px" class="wp-block-eventon-blocks-evo-eventon-main"><!-- EventON Calendar --><div id='evcal_calendar_405' class='list_cal ajde_evcal_calendar sev cev color esty_2 ul ' ><div id='evcal_head' class='calendar_header ' ><div class='evo_cal_above'><span class='evo-gototoday-btn' style='display:none' data-mo='4' data-yr='2026' data-dy=''>Current Month</span></div><div class='evo_cal_above_content'></div></div><div id='eventon_loadbar_section'><div id='eventon_loadbar'></div></div><!-- Events List --><div id='evcal_list' 
					class='eventon_events_list sep_months evcal_list_month'><div class='eventon_list_event no_events'><p class='no_events' >keine Veranstaltung</p></div>			<div class='clear'></div>
			</div>
			<div class='clear'></div>
					 	<div id='evcal_footer' class='evo_bottom' style='display:none'>
		 		<div class='evo_cal_data'  data-sc='{"accord":"yes","bottom_nav":"no","cal_id":"","cal_init_nonajax":"no","calendar_type":"list","ep_fields":"","etc_override":"yes","evc_open":"no","event_count":"100","event_location":"all","event_order":"ASC","event_organizer":"all","event_parts":"no","event_past_future":"future","event_status":"all","event_tag":"all","event_type":"all","event_type_2":"all","event_type_3":"all","event_type_4":"all","event_type_5":"all","event_virtual":"all","eventtop_date_style":0,"eventtop_style":"2","exp_jumper":"no","exp_so":"yes","filter_relationship":"AND","filter_show_set_only":"no","filter_type":"select","filters":"yes","fixed_month":"4","fixed_year":"2026","focus_end_date_range":"2035324799","focus_start_date_range":"1775001600","ft_event_priority":"no","hide_arrows":"no","hide_cancels":"no","hide_empty_months":"yes","hide_end_time":"no","hide_et_dn":"no","hide_et_extra":"no","hide_et_tags":"no","hide_et_tl":"no","hide_ft":"no","hide_ft_img":"no","hide_month_headers":"no","hide_mult_occur":"no","hide_past":"no","hide_past_by":"ee","hide_so":"no","ics":"no","jumper":"no","jumper_count":5,"jumper_offset":"0","lang":"L1","layout_changer":"no","livenow_bar":"yes","mapformat":"roadmap","mapiconurl":"","maps_load":"no","mapscroll":"true","mapzoom":"18","members_only":"no","ml_priority":"no","month_incre":0,"number_of_months":"99","only_ft":"no","pec":"","s":"","search":"","search_all":"no","sep_month":"yes","show_et_ft_img":"yes","show_limit":"yes","show_limit_ajax":"no","show_limit_paged":1,"show_limit_redir":"","show_repeats":"no","show_upcoming":0,"show_year":"yes","social_share":"no","sort_by":"sort_date","tile_bg":0,"tile_bg_size":"full","tile_count":2,"tile_height":0,"tile_style":0,"tiles":"no","ux_val":"4a","view_switcher":"no","wpml_l1":"","wpml_l2":"","wpml_l3":"","yl_priority":"no","fixed_day":"30","_cver":"4.4"}' data-od='{"lang_no_events":"keine Veranstaltung"}'></div>
		 		<div class='evo_cal_events' data-events=""></div>
		 	</div>
				
			
						</div><!-- EventON End -->
			</p>



<p>sommerbar23 ist eine Veranstaltungsreihe der MAP Galerie, Jam, Kulturverein illlitz und der Montafoner Museen .</p>



<p>Für alle Veranstaltungen gilt freier Eintritt.</p>



<p></p>



<p>(c) 2023</p>



<p></p>



<p></p>

<p>Es wird heiß, Baby! Die Sommerbar ist zurück aus der Winterpause. Ab Frühsommer 23 beleben Kunst, Kultur und Kino die Kulturbühne Montafon und die Festwiese an der Litz. Wir wagen einen zuversichtlichen Blick in die Zukunft und erproben&nbsp;sinnvolle&nbsp;Strategien,&nbsp;angesichts des drohenden Klimawandels&nbsp;und den damit verbundenen Veränderungen. Alle Veranstaltungen der Sommerbar sind bewirtet, der Eintritt ist frei! Bei schlechtem Wetter &hellip; </p>
<p class="link-more"><a href="https://sommerbar.at/?ajde_events=liederkranz-frohsinn" class="more-link"><span class="screen-reader-text">„Liederkranz Frohsinn“</span> weiterlesen</a></p>
